220
In base 12, what is 923 - 274?
66b
In base 2, what is 11000100011110 + 10011?
11000100110001
In base 5, what is -3 + -1040012?
-1040020
In base 9, what is -46485 - -1?
-46484
In base 11, what is 254 - 2680?
-2427
In base 3, what is -1010 + -121100212?
-121101222
In base 9, what is 21 + 834?
855
In base 6, what is 4304 + -10403?
-2055
In base 16, what is 59 - -11c?
175
In base 16, what is -8655 - -1?
-8654
In base 12, what is 3 - -2609b?
260a2
In base 10, what is -6627 + -36?
-6663
In base 13, what is -13 + 2703c?
27029
In base 15, what is -2ca - -15d?
-16c
In base 5, what is -1432 + -241?
-2223
In base 9, what is 171 - -706?
877
In base 15, what is 268424 + 0?
268424
In base 3, what is 2 - -110000201220?
110000201222
In base 7, what is 131 - 5005?
-4544
In base 10, what is -291615 - -4?
-291611
In base 2, what is 101001010101100 - 1?
101001010101011
In base 13, what is -89580 + 1?
-8957c
In base 12, what is -10 - 5662?
-5672
In base 13, what is -36756 - -4?
-36752
In base 5, what is -1120 + -323?
-1443
In base 4, what is 12220202 - -3?
12220211
In base 13, what is -4bb49c + -1?
-4bb4a0
In base 6, what is 42225 + -24?
42201
In base 14, what is -9 + -4ad9?
-4b04
In base 6, what is -3 + -5404400?
-5404403
In base 12, what is 676a5 - -2?
676a7
In base 13, what is -8 - -1b7b?
1b73
In base 2, what is 10100011000100 - 111100?
10100010001000
In base 13, what is -1 + c796a?
c7969
In base 9, what is -17724 - -56?
-17657
In base 6, what is 40333035 + 0?
40333035
In base 16, what is -9be + 5?
-9b9
In base 9, what is 57 + -37?
20
In base 7, what is 111220 - -212?
111432
In base 12, what is 453b + -3?
4538
In base 13, what is 17c - 565?
-3b6
In base 4, what is 11 - 2000301?
-2000230
In base 2, what is -1011001 - -10100110110011?
10100101011010
In base 16, what is -4 + 12ab?
12a7
In base 13, what is -2a079 - 0?
-2a079
In base 12, what is -201b1 + -115?
-20306
In base 14, what is -3062 - -8?
-3058
In base 15, what is 4 + -1bdd?
-1bd9
In base 4, what is 3131 + -232032?
-222301
In base 14, what is 9357 - -1?
9358
In base 5, what is -4214 + -2033?
-11302
In base 12, what is 10b + 92?
1a1
In base 7, what is 3 + 46425?
46431
In base 12, what is -7 - -73b6?
73ab
In base 4, what is -3113210123 - -20?
-3113210103
In base 2, what is -100 + 10110010111000?
10110010110100
In base 14, what is -4 - 1db4d?
-1db53
In base 8, what is 23 - 703?
-660
In base 6, what is -3251554 - 0?
-3251554
In base 8, what is 5 + 103541?
103546
In base 15, what is 737 - c4?
663
In base 2, what is -111010011110000101111 - -100?
-111010011110000101011
In base 7, what is 0 - 63404?
-63404
In base 13, what is 1 - -189c5?
189c6
In base 13, what is 1 + 829a?
829b
In base 6, what is 4235455 + 4?
4235503
In base 11, what is -1a04 - -69?
-1946
In base 8, what is 3 + -4126344?
-4126341
In base 16, what is -5 + -2a38?
-2a3d
In base 14, what is -786c6 - 7?
-786cd
In base 15, what is -480 + 230?
-250
In base 11, what is -3 - 29533?
-29536
In base 14, what is -552da + 1?
-552d9
In base 10, what is 196821 + 1?
196822
In base 7, what is 1513541 + 0?
1513541
In base 15, what is 9a5 - 4?
9a1
In base 5, what is 0 - 3331243?
-3331243
In base 11, what is -35 - -677?
642
In base 7, what is -62633 - -111?
-62522
In base 8, what is -2 - -113627?
113625
In base 14, what is 8043 + 0?
8043
In base 3, what is -11 - 11020212121?
-11020212202
In base 5, what is -23120 - -311?
-22304
In base 8, what is -77 + -3215?
-3314
In base 8, what is -65 - -117603?
117516
In base 15, what is -7 - -18240?
18238
In base 8, what is -6447 + -4033?
-12502
In base 4, what is 13 - -3020301?
3020320
In base 14, what is -1 - -3781b?
3781a
In base 5, what is -10242 + 12?
-10230
In base 16, what is -3a2ab - -1?
-3a2aa
In base 8, what is -1 + -34661?
-34662
In base 5, what is 2142 - 10431?
-3234
In base 8, what is 2 - -2355631?
2355633
In base 7, what is -16453 - -60?
-16363
In base 6, what is -1 - 1013132?
-1013133
In base 5, what is -22410412 + -14?
-22410431
In base 2, what is 110000111 - 1010100001?
-100011010
In base 10, what is -50 - 2276?
-2326
In base 16, what is 2a0255 - 1?
2a0254
In base 16, what is a7b0 + -1?
a7af
In base 12, what is 2 - -b727?
b729
In base 15, what is -1 - -6859?
6858
In base 9, what is 412 + 54?
466
In base 10, what is 35 - -11246?
11281
In base 5, what is -21 - 2324021?
-2324042
In base 7, what is 163 + -34?
126
In base 14, what is -72b + -2c?
-759
In base 14, what is -4 - 12a295?
-12a299
In base 11, what is -5 - -169a05?
169a00
In base 15, what is -77 - 63?
-da
In base 5, what is 3 + 12041423?
12041431
In base 7, what is -134556 - -40?
-134516
In base 3, what is 21010002 + 101?
21010110
In base 11, what is 107 + 104a?
1156
In base 12, what is 12 - 6620?
-660a
In base 16, what is -619 - da?
-6f3
In base 5, what is -32200 + 4230?
-22420
In base 9, what is -5 + 48423?
48417
In base 4, what is 11 + 2012032231?
2012032302
In base 14, what is 1 + 14738?
14739
In base 2, what is -111011001111011011001 + -1?
-111011001111011011010
In base 9, what is 246382 - 5?
246376
In base 9, what is 28 + -1140?
-1111
In base 5, what is 3 + -11332213?
-11332210
In base 10, what is -424 + 288?
-136
In base 15, what is d5b2 + 2?
d5b4
In base 15, what is 89 + 3921?
39aa
In base 5, what is 10 - -430211?
430221
In base 12, what is -22686 - 4?
-2268a
In base 14, what is 71 - 101c?
-d8b
In base 6, what is 42134 + -1302?
40432
In base 9, what is 115 + 2262?
2377
In base 11, what is -1a69 - 16?
-1a84
In base 4, what is 1321 - -121232?
123213
In base 16, what is 3 - 56a4?
-56a1
In base 11, what is 1a + -a51a1?
-a5182
In base 10, what is -4 + 116483?
116479
In base 14, what is -1 - 22a3d?
-22a40
In base 3, what is 210 + -1011022?
-1010112
In base 12, what is 35 - 40?
-7
In base 8, what is 0 + -574771?
-574771
In base 8, what is -354443 - 13?
-354456
In base 5, what is 112042 + 3?
112100
In base 12, what is 5 - 3949?
-3944
In base 7, what is -5 - -30055?
30050
In base 14, what is 11092 - 7?
11089
In base 9, what is 4 - -106267?
106272
In base 13, what is 9cb4 + -3?
9cb1
In base 10, what is 5 - 27145?
-27140
In base 12, what is 7 - -47932?
47939
In base 16, what is -82c3 + 0?
-82c3
In base 8, what is -756734 - -5?
-756727
In base 5, what is 1121442 - -1400?
1123342
In base 13, what is -278530 + 5?
-278528
In base 15, what is -a1 + -149?
-1ea
In base 10, what is 56 - 36?
20
In base 15, what is 2 + 4d01?
4d03
In base 7, what is -1222 + 12332?
11110
In base 13, what is 1976 - 4?
1972
In base 5, what is -3032022 - -1?
-3032021
In base 3, what is -211 - 12202102?
-12210020
In base 11, what is 32a + -280?
5a
In base 8, what is 4 + 1363623?
1363627
In base 12, what is -54 - -183?
12b
In base 2, what is -100 - -101010010001100001101?
101010010001100001001
In base 7, what is 1106 + 32?
1141
In base 16, what is -12c + 324?
1f8
In base 13, what is -235 + 243?
b
In base 4, what is -33330 - 10332?
-110322
In base 4, what is 112 - 33313310?
-33313132
In base 15, what is 51 - -3e4d?
3e9e
In base 14, what is -120c - 2c?
-123a
In base 14, what is -34 + -561?
-595
In base 10, what is -1578 - 388?
-1966
In base 4, what is 2113 + -123?
1330
In base 14, what is -10224 - 3c?
-10262
In base 9, what is -12483 - 76?
-12570
In base 6, what is -11115 - -421?
-10254
In base 14, what is 5b165 - b?
5b158
In base 5, what is 203 + -4103?
-3400
In base 6, what is -5 - -154250?
154241
In base 14, what is -803 - c?
-811
In base 15, what is 1a + -26ca?
-26b0
In base 10, what is 68134 - -2?
68136
In base 7, what is -1 + 2231604?
2231603
In base 4, what is 0 - -1032110322?
1032110322
In base 5, what is -1 + -134242242?
-134242243
In base 13, what is -a4 + -17?
-bb
In base 8, what is -3 - -171462?
171457
In base 12, what is -40142 - 9?
-4014b
In base 12, what is -99b4 - -a?
-99a6
In base 3, what is -101020 - -11022?
-12221
In base 12, what is -52a - 23?
-551
In base 4, what is 303111 + -1033?
302012
In base 5, what is -11 - -30130040?
30130024
In base 4, what is -121121213 + -13?
-121121232
In base 15, what is 48c + 33?
4c0
In base 13, what is -13 + 1bc94?
1bc81
In base 7, what is -340205 + 10?
-340165
In base 7, what is -120665 + 32?
-120633
In base 4, what is 21032 + 1033?
22131
In base 11, what is 73808 - -9?
73816
In base 9, what is -68250 + -35?
-68285
In base 16, what is 